-2 + 1 + 0 - 4?
-5
(4 - (-3 + 4)) + -3
0
-6 + -2 + 17 + -10
-1
What is -5 - -2 - (-7 + 3 - 2)?
3
-22 + 15 - (2 - 5)
-4
1 - (3 - (1 - 2))
-3
Calculate 1 - 1 - (16 + -18).
2
What is 0 + -8 + 6 + -2?
-4
(1 + -13 - (-27 - -27)) + 1
-11
What is 4 + 4 + 0 - 4?
4
Calculate (24 - 10) + -11 - (0 - -2).
1
Evaluate 5 - ((-11 - (-6 + 1)) + 7).
4
5 + -5 + (3 - (-11 - -7))
7
What is the value of -2 + (-6 - -4) + 2 + -1?
-3
Calculate -2 - (5 - (6 - 3)).
-4
Evaluate 0 + 1 - (-39 + 40).
0
Calculate (-2 - 2) + 4 + 1.
1
3 + 6 + (-8 - 0)
1
Calculate 2 - (-7 + 4) - 10.
-5
What is the value of -1 + (-1 - (-7 + 6))?
-1
What is 8 + -3 - (-3 - -13)?
-5
Calculate 3 - (1 - (-5 + 2 + -1)).
-2
(-6 - -7) + (-5 - 1)
-5
(-38 - -30) + (0 - -2)
-6
What is the value of (16 - 14) + 3 + -8?
-3
What is -1 + -1 + 4 - 3?
-1
What is the value of -1 + -1 + (-4 - -1)?
-5
What is 5 - (6 - (-3 + 5))?
1
Calculate (2 - (8 - 2)) + -18 + 16.
-6
0 + -3 + (-4 - 4) - -5
-6
What is the value of -1 + 2 + -3 + 3 - 4?
-3
What is the value of -3 - (1 + -17 + 5)?
8
What is (4 - -6 - 5) + 2 - 9?
-2
What is the value of ((-2 - -4) + 0 - 2) + -1?
-1
Evaluate (-4 + 6 - 3) + 6.
5
Calculate -3 + -3 + -4 + 8.
-2
Calculate -43 - -48 - (1 + 9 + 0).
-5
Evaluate -4 - (-1 + (5 - 2) - 1).
-5
-1 - (7 - (2 + 7))
1
What is -2 + 8 + 2 + 29 + -36?
1
Evaluate -46 - -44 - (0 + 3 + -7).
2
What is -2 + -2 + -4 - -1?
-7
2 + (1 + -1 - 2 - -2)
2
Calculate -18 + 12 + (0 - -2).
-4
Calculate -5 + 7 + -7 + 5.
0
Calculate -4 + 4 - (1 - -2).
-3
What is the value of 4 + (-2 - (0 + -2)) - 3?
1
Calculate 1 + (-3 + 3 + 0 - 5).
-4
Calculate 0 + 2 + (24 - 23).
3
Evaluate 6 - (6 + 8 - 6).
-2
What is -1 + (3 - (-2 - -5))?
-1
What is 6 + -1 + -4 + -3?
-2
What is (4 - (9 + -5)) + 5?
5
Evaluate 6 + -5 + 0 - (10 + -2).
-7
What is (-1 - 5) + (-20 - -19)?
-7
Calculate -3 + -1 - (-1 + -2).
-1
What is (-5 - 4 - -4) + 5?
0
Evaluate (-88 - -86) + (-1 - -1) + 0.
-2
What is (-2 - -3 - 13) + 6 + 14?
8
-19 - -17 - (-2 - 5)
5
Calculate -6 + 9 - (7 - 6).
2
Calculate -1 - (-1 + -8 + 14 - -2).
-8
Evaluate -7 + 0 + 16 + -3.
6
What is the value of (0 + -7 - -7) + -7 + 13?
6
What is the value of -1 + 2 - (-12 + 13) - 3?
-3
What is the value of 7 + -2 - 10 - -10?
5
Evaluate -15 - -3 - (54 - 74).
8
What is the value of -5 + (9 - 10 - (2 - 11))?
3
Evaluate -6 + 7 + -4 + 6 + -1.
2
Calculate 2 + 2 - (-1 - (-8 + 4)).
1
What is (-2 - -3) + 6 + (17 - 20)?
4
What is -3 - (-7 - -2 - (5 + -7))?
0
(3 + 2 - 2) + 1
4
What is the value of 0 + -4 + (5 - -2)?
3
(-5 + -3 - -3) + 1
-4
Evaluate (5 - 1) + -1 - (-16 - -17).
2
9 + -9 + (3 - 1)
2
Calculate 3 - 3 - -11 - 4.
7
What is the value of 4 + (1 - ((0 - -6) + -3))?
2
-13 + 4 + 6 - (0 + -2)
-1
Evaluate 3 + -4 + 3 + -2 + 4.
4
Calculate 5 - ((10 - -3) + -12).
4
What is 123 + -128 + -1 + (-1 - -3)?
-4
What is -4 - (2 - (9 - 2) - -2)?
-1
What is the value of 6 + (-13 - -14) + -8 + 0?
-1
What is the value of 7 - (-13 - -2 - -6 - -6)?
6
(6 - 3) + 1 + -1
3
What is the value of 0 + -2 + -5 + 12?
5
What is 6 - ((1 - -9) + -11)?
7
What is (6 - 5) + (0 - -5) + 0?
6
Evaluate -2 + (-3 - (2 + 3 + -8)).
-2
What is 0 + 1 + (8 - 2 - 11)?
-4
1 - 1 - (11 - 16)
5
What is the value of 1 - -2 - (-4 + 4)?
3
-7 + 6 + 3 - 3
-1
(-4 - 0 - -3) + (1 - 1)
-1
What is the value of 3 - (10 + 1 + -3)?
-5
Calculate (1 - (1 - 0 - -2)) + 4.
2
Calculate 2 + -3 + -5 + (-82 - -86).
-2
What is the value of 5 + 4 + (6 - 8 - -2)?
9
Calculate -4 + -3 + 14 + -5.
2
Evaluate -5 + 0 + (0 - -8).
3
13 + -31 + 13 + -1 + 6
0
What is the value of 3 - 1 - (11 + -4 + -5)?
0
What is the value of -4 - (3 + -7 + 3)?
-3
(5 - 2) + 7 + 0 + -13
-3
What is the value of 10 + (0 + 2 - 9)?
3
What is the value of 3 + 1 + (7 - 8)?
3
Calculate (-2 - -6) + (0 - 0).
4
Evaluate 1 + (-6 - -3) + -2.
-4
What is the value of (-9 - -3) + 2 + -5?
-9
What is (-3 - (1 + -2)) + (110 - 106)?
2
2 - (3 + 1) - (25 - 22)
-5
Evaluate (-4 - 10) + (13 - 6).
-7
Evaluate 19 + -12 - (2 + -3 + 2).
6
Evaluate 2 + (7 - 1) + -11 - -8.
5
Evaluate -5 + (-4 - -11) - 3.
-1
Calculate 1 + 3 - (4 + 3).
-3
Calculate 6 + 10 + (-33 - -9).
-8
What is the value of -6 + -3 + 9 + 2?
2
Evaluate (-5 - (-1 + -7)) + 5 + -13.
-5
Calculate -2 - -1 - (-10 - -12).
-3
What is -15 - (-12 - (-2 + -4)) - -4?
-5
What is (-3 - -2 - (-1 + 2)) + 3?
1
0 + 0 + -1 - (7 - 10)
2
What is -17 + 26 + -4 + -7?
-2
Calculate (-6 - -10) + -8 + 1.
-3
What is the value of 10 + -1 - (62 - 56)?
3
Evaluate 4 + 1 - (-2 + -5 - -7).
5
Calculate 6 + (6 - (4 - -3)).
5
What is (-18 - -4) + 9 - 1?
-6
Calculate -2 - (0 - (-2 - -4)) - -3.
3
-5 + -2 - (3 - 5)
-5
Calculate 2 + -2 + 5 + -4.
1
Calculate 1 + -1 + -6 + 3.
-3
-8 - (-4 + 0 + 1)
-5
What is the value of 2 - (-6 + 1 - (-87 - -72))?
-8
What is the value of (-3 - (3 + 0)) + 3 - -6?
3
What is 3 + -2 + (2 - -1) + -3?
1
Calculate 5 + 0 + 2 - 4 - 8.
-5
Calculate (-10 - -28) + (-18 - -3).
3
-32 + 35 - (-1 + 2 - 0)
2
-1 - (0 + -1 + -2 + -1)
3
What is 2 + (-4 - -1) - 0?
-1
What is 8 - (2 + 11) - (-7 + 0)?
2
Evaluate 27 - 31 - (2 + 0).
-6
What is (-3 - (-4 - (1 - 6))) + 2?
-2
What is the value of (-8 - 0) + 12 + 3?
7
What is -13 + 18 - (-2 - -5) - 0?
2
Calculate -1 + 1 - (-3 + 5) - -3.
1
Evaluate 5 + 1 + 3 + (13 - 18).
4
Evaluate 1 - 8 - (12 - 15).
-4
(1 - -10) + (-15 - (20 - 27))
3
What is (3 - 1) + (-12 - -14 - 8)?
-4
(-13 - (-12 - -6)) + 1 - -5
-1
Calculate -1 + 7 + -11 + 8 + -1.
2
Evaluate -5 + (-3 - -6) - -3.
1
What is the value of 7 + -10 + (3 - -1) + 2?
3
-3 - (-1 + 0 + -5)
3
-3 - (-2 + 4 - 4)
-1
What is -19 + (-12 - -38) - (-1 + 3)?
5
Calculate 1 - -4 - 10 - (2 - -2).
-9
-1 - 6 - (9 + -13)
-3
Calculate -7 - ((-9 - 5) + 9).
-2
Calculate (2 - 3) + 8 - 7.
0
What is -9 + (-4 - (-4 + -4))?
-5
What is the value of 1 + -9 + 2 + 3?
-3
What is 5 - (4 - 0 - (-9 - -16))?
8
Calculate 22 - 26 - (0 + (-2 - 0)).
-2
Calculate 13 + 3 + 3 + (-10 - 0).
9
What is the value of -9 + 6 + (7 - (-6 + 1))?
9
Calculate (7 + -11 - -9) + -4.
1
12 - 8 - (-2 + 9)
-3
Evaluate 3 + 5 + -5 - 8.
-5
-2 + -1 + 2 + 1
0
What is the value of -12 + -1 + (137 - 125)?
-1
What is the value of 1 + 2 + -6 - (-1 + 0)?
-2
Calculate (-8 - -6) + (-4 - (-2 - -1)).
-5
4 - (7 - (-2 - -5))
0
Calculate -5 - -7 - (-4 - -6).
0
What is the value of (14 + -3 - -2) + (1 - 3)?
11
Evaluate -4 - (4 + (1 - -3) + -10).
-2
Evaluate -8 + -3 + (-5 - -8 - -3).
-5
Evaluate (1 - -3 - 7) + 6.
3
What is 11 - (10 + 0 + 14 + -20)?
7
Evaluate -65 - -69 - (2 - 1).
3
Calculate 2 + 1 + 2 + -1.
4
(6 - 3) + (-2 - -1)
2
What is -1 + (-7 - -4) + (-2 - -1)?
-5
Evaluate -2 - -3 - (-2 + 0).
3
What is the value of -1 - -2 - 8 - -3?
-4
2 - (1 - -7) - -6
0
What is (3 - -1) + -8 + 6 + -8?
-6
What is (0 - 3) + (-11 - (7 - 12))?
-9
What is the value of -6 + (6 - 4) - -2 - 4?
-6
What is 0 + (-14 - 0) - -10?
-4
What is the value of -1 - (-3 - -11 - (-4 - -8))?
-5
2 - (-4 + 1 + 0)
5
(-4 - 8) + 0 + 7
-5
Evaluate 3 - (-5 - (-9 - (-4 + 2))).
1
Calculate 9 - (-1 + 1 + 4).
5
What is the value of (-3 - (5 + -3 + -4)) + -3?
-4
What is the value of 5 - (-2 + 0) - (-2 - -5)?
4
-15 - (-2 + -7) - (2 + -5)
-3
Evaluate 1 + (5 - (8 - 0)) + 5.
3
What is the value of -2 + (0 - (-4 + 1 - -4))?
-3
8 + -9 - (-11 - -7)
3
What is the value of -3 - (3 + (2 - (-5 - -7)))?
-6
Calculate -13 + 4 + 8 + (0 - 2).
-3
0 + -1 - (-5 - -7)
-3
What is 1 - (4 - (3 + -1 - -2))?
1
Evaluate (7 - 0) + 0 + -2.
5
Evaluate (67 - 59) + (-5 - -2).
5
What is -11 - -10 - (2 - -1)?
-4
5 + (6 + -12 + 3 - 1)
1
Calculate -2 - (-7 + 6 + (-3 - -9)).
-7
What is the value of 3 - (-4 + -2 + 6)?
3
What is the value of -6 + 2 + 0 + -4 + 5?
-3
Calculate -3 + (-1 - 6) + 6 - -5.
1
What is the value of (-4 - -10) + -3 - (1 - 0)?
2
What is the value of 3 - (5 + (2 - 6))?
2
What is 0 + 3 + -3 + 5?
5
Evaluate (0 - 5) + (2 - (12 - 5)).
-10
Calculate -5 + (3 - -1) + 3 + -1.
1
Calculate (-5 - (-15 - -12)) + 11.
9
3 + 12 + -16 + 11 + -3
7
6 + (-3 + 0 - 0)
3
What is the value of -8 + -3 + 5 + 5?
-1
What is 0 + -2 + 8 + -9 + 0?
-3
What is -7 + 13 + (0 - 1) - 0?
5
Calculate 0 - (14 + -12 - (1 + 3)).
2
Calculate -1 - (0 - (0 + 1 + 3)).
3
Calculate -107 - -97 - (1 - (11 - 2)).
-2
What is the value of (5 + -7 - -3) + -10 + 5?
-4
-3 + -6 + -2 + 11
0
What is the value of -2 - (-4 + 2) - 0?
0
(1 - 6 - 3) + (2 - -1)
-5
Evaluate 3 - (1 + 0 - 0).
2
Calculate -1 + 5 + -2 + -7 + 9.
4
2 + 2 + 